 f*w - 37, -4*w + 4*x + 77 = x. Calculate the remainder when w is divided by 6.
5
Let s = -16 - -19. Suppose -s*x + 72 = -0*x. What is the remainder when x is divided by 9?
6
Calculate the remainder when 35 is divided by (-16)/(-40) + (-63)/(-5).
9
Suppose 3*g = -4*d + 7, -3*d + d = -2*g. What is the remainder when 4 is divided by d?
0
Suppose 0 = -2*x - x + 60. Suppose b - x = -3*b. Calculate the remainder when b is divided by 2.
1
Let v = -15 - -10. Let s = v - -4. Let o(q) = -3*q**3 - 2*q**2 + 1. Calculate the remainder when 2 is divided by o(s).
0
Suppose -33 = 4*l - 133. Suppose 5*t + 231 = -3*v, 4*v = -2*t - 59 - l. Calculate the remainder when 29 is divided by t/(-5) - 2/(-5).
9
Suppose 44 = 4*t - 4. Calculate the remainder when 23/(-115) - (-27)/(-30)*-38 is divided by t.
10
Let r be (431 - -4)*(-1)/(-3). Suppose r = 6*g - 347. What is the remainder when g is divided by 28?
26
Suppose 2*g = -5*y + 50, -4*y + 9*y = 20. What is the remainder when 36 is divided by g?
6
Let w = 4 + 17. What is the remainder when w is divided by 12?
9
Let k(m) = -m**2 - 14*m + 12. Let h be k(-13). Let p be (-6)/(2*(-1)/7). Suppose 0*q - q + p = -4*w, -h = 5*w. Calculate the remainder when 2 is divided by q.
0
Let r(o) = o - 4. Suppose 3*c = t - 16, -3*c + 12 = 2*t + t. What is the remainder when 4 is divided by r(t)?
1
Let y(d) = d**3 + 12*d**2 - 16*d + 2. Calculate the remainder when y(-13) is divided by 15.
11
Let z = -9 + 5. Let s be (10/z*-2)/1. Suppose s*m = -2*k - 5, 18 = 3*m - k - 2*k. What is the remainder when 1 is divided by m?
0
Suppose 4*v - i = -0*i + 22, 0 = 2*v - 5*i - 2. Let r(y) = -4*y - v + 3*y**2 - 4*y**2 - 2 - 4*y. What is the remainder when 7 is divided by r(-6)?
3
Suppose -175 = -0*i + 5*i. Let y = -17 - i. What is the remainder when y is divided by 10?
8
What is the remainder when 23 is divided by ((-6)/(-9))/(5/90)?
11
Suppose 4*x + x - 215 = 0. Let b = 73 - x. Calculate the remainder when b is divided by 8.
6
Suppose -4 = -0*i - 3*i + 2*n, 3*n = 3*i - 6. What is the remainder when 12/(1 + 2/(-8)) is divided by i - -7 - 5/5?
4
Let l(s) = s - 3*s**2 - 6*s**3 - 2*s**3 + 7*s**3. Calculate the remainder when 21 is divided by l(-4).
9
What is the remainder when (-832)/(32/(-4))*(-2)/(-4) is divided by 18?
16
Suppose 5*s - 5*u = 140, -s + 3 + 1 = 5*u. Let q = s + 8. What is the remainder when q is divided by 17?
15
Suppose -3*f = -0*f - 45. Suppose p - 5*y - f = 0, 4*p = 4*y - 0*y + 44. What is the remainder when 29 is divided by p?
9
Let x(f) = 14*f**3 + 4*f - 5. Calculate the remainder when x(2) is divided by 29.
28
Suppose 0 = x + x - 18. Calculate the remainder when x is divided by 4.
1
Suppose 0*m + 10 = 5*m. Let t be (-4)/2 - (-12)/m. What is the remainder when 2 is divided by (t/5)/((-10)/(-25))?
0
Suppose -k + 8 = -0*k. Suppose -2*v + 7 = -3*j, -4*j = v - j - k. Suppose 4*m + 49 = v*m. What is the remainder when m is divided by 17?
15
Let k = -8 - -11. Let c(v) = 2*v - 3*v - 2 - k*v. What is the remainder when c(-2) is divided by 4?
2
Suppose -228 = j - 4*j. Let s = j - 53. Calculate the remainder when s is divided by 12.
11
Let d(i) = -i**2 + 5*i. Let r be -6*3/6 - -7. What is the remainder when d(r) is divided by 2?
0
Let j(v) = v**3 + 5*v**2 + 5*v + 6. Let m be j(-4). Suppose -4 = m*y, 9 + 5 = 2*z - 2*y. Calculate the remainder when 12 is divided by z.
2
Suppose -15 = s - 49. Suppose 0 = -5*k + 15, -4*h + 23 = 2*k - 31. Calculate the remainder when s is divided by h.
10
Suppose 234 = 3*c - 0*c. Suppose 0*q = 5*q - p - 93, -c = -5*q - 4*p. What is the remainder when 34 is divided by q?
16
Let w(h) = 2*h**2 + 5*h - 3. Suppose 4*y + y = -3*x + 25, 0 = 2*x - y - 8. What is the remainder when w(-4) is divided by x?
4
Let v = 121 - -42. Suppose 2*p + 10 = 2, 0 = 5*n + 3*p - v. Let l = 32 - 20. Calculate the remainder when n is divided by l.
11
Let h(p) = p**3 + p**2 - p + 8. What is the remainder when 47 is divided by h(0)?
7
What is the remainder when 9 is divided by 16/14*14/4?
1
Let i(v) = -v**2 + 22. Let t(k) = 3*k - 8. Let o(p) = 2*p - 4. Let r(w) = -7*o(w) + 4*t(w). What is the remainder when i(0) is divided by r(-8)?
10
Let a(q) = q - 2. Let i be a(5). Suppose 0 = -o + 3*j + 11, 0*o - i*o = -5*j - 21. Suppose -4*t + 6 = -6. What is the remainder when t is divided by o?
1
Suppose a = o + 3, -2*a + 2 + 4 = 4*o. Suppose 3 = 4*x + y - 3, -2*x = -5*y + 8. What is the remainder when a is divided by (-1)/2*-2*x?
0
Suppose -6*g + 2*g + 64 = 0. What is the remainder when 44 is divided by g?
12
Let f = -7 + 13. Let m be (-1)/((f/4)/(-3)). Suppose -3*y + 35 = m*y. Calculate the remainder when y is divided by 4.
3
Let t(k) = -k - 2. Let v be t(-4). Suppose -2*x - 6*j = -j - 44, -j - 20 = -v*x. Suppose a - 22 = -0*a. What is the remainder when a is divided by x?
10
Suppose o - 3 - 5 = 0. Let c(w) = 6*w. Let b be c(3). Let l = b - o. Calculate the remainder when l is divided by 4.
2
Let y(n) = -n**2 + 10*n - 9. What is the remainder when y(4) is divided by 6?
3
Let k = -1 - -3. Suppose 4*y + 6 = -2*q, 0 = -3*q - 24 + 9. What is the remainder when k is divided by y?
0
Let a(w) = 12*w + 3. Let v be a(-3). Let b = v + 54. What is the remainder when b is divided by 94/8 + (-3)/4?
10
Let l = -71 + 79. What is the remainder when 78 is divided by l?
6
Let x = 7 - -24. Calculate the remainder when x is divided by 8.
7
Let f = -97 - -182. Suppose -g - b = -2*g + 18, -5*b - 46 = -3*g. What is the remainder when f is divided by g?
19
Let d(k) = 6*k - 3. What is the remainder when 7 is divided by d(1)?
1
Let l(z) = -7*z**2 + 2*z - 6. Let f(x) = -11*x**2 + 3*x - 9. Let n(w) = 5*f(w) - 8*l(w). Let t(d) = d. Calculate the remainder when t(4) is divided by n(0).
1
Suppose 9 = -5*j - 16. Let x = j - -52. Let i = 29 - 13. What is the remainder when x is divided by i?
15
Suppose -5*i - 2*q = -19, -i = 2*i + 4*q - 3. Suppose 4 = i*o - 4*o. What is the remainder when o is divided by 3?
1
Let b(q) = q**3 + q**2 - q + 19. Suppose 2*a + h = 82, -3*a = -5*a - 2*h + 80. What is the remainder when b(0) is divided by (-2)/(-7) - (-282)/a?
5
Suppose -2*v + 3*v = 19. Let l = v + -12. What is the remainder when 4/14 + 89/7 is divided by l?
6
Let z = 42 + -26. Let o be -2 + 23 - 6/(-2). Suppose 2*s + o = 6*s. Calculate the remainder when z is divided by s.
4
Suppose -g + 36 = 3*p - 59, 5*g - p - 507 = 0. What is the remainder when g is divided by 13?
10
Let y = 5 - 9. Let l = 9 + y. Calculate the remainder when 18 is divided by l.
3
Let h = -82 - -125. What is the remainder when 126 is divided by h?
40
Suppose -1792 = -7*u - 7*u. What is the remainder when u is divided by 19?
14
Calculate the remainder when ((-1)/(-2))/((-12)/8)*-372 is divided by 25.
24
Let c(g) = 6*g - 30*g - 3*g - 7*g - 2. Calculate the remainder when c(-2) is divided by 17.
15
Let b = -32 + 35. What is the remainder when 7 is divided by b?
1
Let u(r) = 53*r - 1. Let j be u(1). Suppose 0 = -7*l + 3*l + j. What is the remainder when 24 is divided by l?
11
Let q = -5 + 12. What is the remainder when 2/(17/(-19) - -1) is divided by q?
5
Suppose -y - 12 = -4*k, -y - k - 1 = -9. Suppose -j + 330 = 4*j + 5*h, -2*j - y*h + 134 = 0. What is the remainder when j is divided by 17?
14
Suppose 12 = 4*j, -77 = -5*c - j + 2*j. Calculate the remainder when c is divided by 6.
4
Let a = 5 - 1. Suppose -7*i + a = -3*i. Let p(z) = -z + 8. Calculate the remainder when p(6) is divided by i.
0
Let j be (-2 - 16/(-6))*24. Suppose 2*z - 4*z - 48 = -5*t, -4*t + j = 4*z. What is the remainder when t is divided by 5?
3
Suppose 175 = 3*m + 2*m. What is the remainder when m is divided by 13?
9
Suppose 2*u - 8*u = -132. What is the remainder when 86 is divided by u?
20
Suppose -7*j + 2*j + 6 = c, -4*j = -c + 33. What is the remainder when 61 is divided by c?
19
Suppose -5*b - 9 + 34 = 0. Suppose -19 = b*l - 84. Calculate the remainder when l is divided by 5/(-15)*42/(-2).
6
Suppose 5 = 2*j - 5. Suppose 31 = -4*y + 5*q + 114, -100 = -5*y + 5*q. Calculate the remainder when y is divided by j.
2
Let i(t) = -t + 6. Suppose 7 = 4*a - 5. Calculate the remainder when i(-5) is divided by a.
2
Let b be (-2)/(-1) + 116/2. Let v = 93 - b. Calculate the remainder when v is divided by 9.
6
Let y(j) = j**2 - 5*j + 4. Let n be y(3). Calculate